{"id":7,"date":"2026-02-11T15:42:38","date_gmt":"2026-02-11T15:42:38","guid":{"rendered":"https:\/\/plex-cineshark.disca.fr\/?page_id=7"},"modified":"2026-02-11T20:00:00","modified_gmt":"2026-02-11T20:00:00","slug":"default-text","status":"publish","type":"page","link":"https:\/\/plex-cineshark.disca.fr\/","title":{"rendered":"PLEX SERVER &#8211; Cin\u00e9Shark Tire sa r\u00e9v\u00e9rence ce 11 F\u00e9vrier 2026."},"content":{"rendered":"\n<p>Ce Mercredi 11 F\u00e9vrier,<br><\/p>\n\n\n\n<p>Pour certains, vous avez \u00e9t\u00e9s redirig\u00e9s ici car :<br>plex-cineshark.disca.fr (Plex Media Server) et Moocloud (Serveur Multimedia Emby) ne sont plus accessibles publiquement. Merci pour nous avoir suivi pendant 1 an !<br><strong>Cin\u00e9Shark Tire sa r\u00e9v\u00e9rence d\u00e8s ce mois de F\u00e9vrier<\/strong> \u00e0 cause de Restrictions (Abonnements impos\u00e9s pour les utilisateurs ou Lecture impossible depuis un Ordinateur Externe).<br><br>Cette Fermeture inclus aussi Moocloud et le site interne Cin\u00e9Shark.<\/p>\n\n\n\n<figure class=\"wp-block-image size-full is-resized\"><img loading=\"lazy\" decoding=\"async\" width=\"942\" height=\"256\" src=\"https:\/\/plex-cineshark.disca.fr\/wp-content\/uploads\/2026\/02\/IMG_1670.jpg\" alt=\"\" class=\"wp-image-14\" style=\"aspect-ratio:3.6798003209128187;width:280px;height:auto\" srcset=\"https:\/\/plex-cineshark.disca.fr\/wp-content\/uploads\/2026\/02\/IMG_1670.jpg 942w, https:\/\/plex-cineshark.disca.fr\/wp-content\/uploads\/2026\/02\/IMG_1670-300x82.jpg 300w, https:\/\/plex-cineshark.disca.fr\/wp-content\/uploads\/2026\/02\/IMG_1670-768x209.jpg 768w\" sizes=\"auto, (max-width: 942px) 100vw, 942px\" \/><\/figure>\n\n\n\n<p>Cordialement et pour une derni\u00e8re fois,<br>L&rsquo;\u00e9quipe Cin\u00e9Shark.<\/p>\n","protected":false},"excerpt":{"rendered":"<p>Ce Mercredi 11 F\u00e9vrier, Pour certains, vous avez \u00e9t\u00e9s redirig\u00e9s ici car :plex-cineshark.disca.fr (Plex Media Server) et Moocloud (Serveur Multimedia Emby) ne sont plus accessibles publiquement. Merci pour nous avoir suivi pendant 1 an !Cin\u00e9Shark Tire sa r\u00e9v\u00e9rence d\u00e8s ce mois de F\u00e9vrier \u00e0 cause de Restrictions (Abonnements impos\u00e9s pour les utilisateurs ou Lecture impossible [&hellip;]<\/p>\n","protected":false},"author":1,"featured_media":0,"parent":0,"menu_order":0,"comment_status":"closed","ping_status":"closed","template":"","meta":{"footnotes":""},"class_list":["post-7","page","type-page","status-publish","hentry"],"_links":{"self":[{"href":"https:\/\/plex-cineshark.disca.fr\/index.php?rest_route=\/wp\/v2\/pages\/7","targetHints":{"allow":["GET"]}}],"collection":[{"href":"https:\/\/plex-cineshark.disca.fr\/index.php?rest_route=\/wp\/v2\/pages"}],"about":[{"href":"https:\/\/plex-cineshark.disca.fr\/index.php?rest_route=\/wp\/v2\/types\/page"}],"author":[{"embeddable":true,"href":"https:\/\/plex-cineshark.disca.fr\/index.php?rest_route=\/wp\/v2\/users\/1"}],"replies":[{"embeddable":true,"href":"https:\/\/plex-cineshark.disca.fr\/index.php?rest_route=%2Fwp%2Fv2%2Fcomments&post=7"}],"version-history":[{"count":11,"href":"https:\/\/plex-cineshark.disca.fr\/index.php?rest_route=\/wp\/v2\/pages\/7\/revisions"}],"predecessor-version":[{"id":22,"href":"https:\/\/plex-cineshark.disca.fr\/index.php?rest_route=\/wp\/v2\/pages\/7\/revisions\/22"}],"wp:attachment":[{"href":"https:\/\/plex-cineshark.disca.fr\/index.php?rest_route=%2Fwp%2Fv2%2Fmedia&parent=7"}],"curies":[{"name":"wp","href":"https:\/\/api.w.org\/{rel}","templated":true}]}}